se u = 5*z - z - 80. What are the prime factors of z?
2, 5
Suppose -292*y = -289*y - 6051. List the prime factors of y.
2017
Let m(w) = -w**3 - 10*w**2 - 10*w + 5. Let q be m(-9). Suppose 5*s = 5*n, -5*n + s - 4*s = -16. Let t = n + q. What are the prime factors of t?
2
Suppose 0 = -0*m + 6*m - 10296. Suppose 12*k + 0*k = m. List the prime factors of k.
11, 13
Suppose -l - 2*a = -928, -4*l + 3*a - a = -3742. What are the prime factors of l?
2, 467
Let s(g) = g**2 - 8*g - 9. Let l be s(9). Suppose -o - 14 = 3*y - 1, -2*o - 8 = l. Let a(b) = 3*b**2 + 4*b. What are the prime factors of a(y)?
3, 5
Let j(g) = g**3 + 5*g**2 + 6*g + 6. Let f be j(-4). Let h = 3 - f. Let n = -2 + h. List the prime factors of n.
3
Let l(k) = -5*k**3 - 7*k**2 + 5*k - 2. Let s(i) = -9*i**3 - 14*i**2 + 11*i - 5. Let g(f) = -11*l(f) + 6*s(f). List the prime factors of g(7).
3, 23
Suppose -q - q = -156. Suppose 7*x - 342 = q. What are the prime factors of x?
2, 3, 5
Suppose 1769 = 5*p - 3*i + 560, i = -3. List the prime factors of p.
2, 3, 5
Let r(k) = -2*k**3 - 11*k**2 + 66*k - 24. List the prime factors of r(-13).
3, 19, 29
Suppose -2*w + 624 = 4*w. Let t = 209 - w. Suppose -120 = -5*o + t. What are the prime factors of o?
3, 5
Suppose 0 = -33*f + 22*f + 25597. What are the prime factors of f?
13, 179
Let x = -20 + 2. Let h = 22 - x. List the prime factors of h.
2, 5
Let c be -6 - (0/4)/(-4). Let u be (-2 + 3)/((-3)/c). Suppose -u*p + 0*x + x = -41, 2*x = -3*p + 44. What are the prime factors of p?
2, 3
Let v(t) = t**3 + t**2 - t + 52. Let n be 0*5/(12 - -3). What are the prime factors of v(n)?
2, 13
Let g be (-5)/(-1) + 0 + 2. Suppose 0 = 3*v - 4*v + 4. Suppose -2*h - b + g = 0, h = v*h + 4*b - 18. List the prime factors of h.
2
Suppose -4 = 5*x - 4*r, -4*x - 3*r + 5*r = 8. List the prime factors of (-75)/(-2) - (-2)/x.
37
Let x(p) = -5*p + 153. What are the prime factors of x(-36)?
3, 37
Suppose 162 = -2*m - 5*l, 5*m - 3*l - 252 = -719. Let v = m - -248. List the prime factors of v.
157
Suppose 2*x + 4*n - 214 = 200, 0 = -n. What are the prime factors of x?
3, 23
Let i(b) = 70*b**2 + 6*b + 42. What are the prime factors of i(6)?
2, 3, 433
Let f(i) = -2*i**2 - 4*i - 2. Let r(g) = g + 4. Let y be r(-6). Let t be f(y). List the prime factors of t*(-1)/((-2)/(-19)).
19
Suppose -9*u - 4*a + 2216 = -6*u, 0 = u - 5*a - 745. What are the prime factors of u?
2, 5, 37
List the prime factors of 4/(-42) + 21/(1764/60320).
2, 359
Let r(h) = -13*h + 2. Let y(p) = 27*p - 3. Let j(z) = -5*r(z) - 2*y(z). Suppose -8*x - 3*o + 4 = -13*x, -5*o = 3*x - 18. What are the prime factors of j(x)?
7
What are the prime factors of (279/62)/((-1)/(-62))?
3, 31
Suppose 0 = 5*j - 0*j + 30. Let v(c) = -7*c - 4. Let b(f) = f + 1. Let p(k) = 6*b(k) + v(k). What are the prime factors of p(j)?
2
List the prime factors of (709 + 0)*(-9 - 154/(-14)).
2, 709
Let i be (-2)/((-55)/(-77)*(-4)/10). Suppose -376 + i = -9*w. List the prime factors of w.
41
What are the prime factors of (-9250)/(-35) - 16/56?
2, 3, 11
Let v = -3140 + 4694. List the prime factors of v.
2, 3, 7, 37
Suppose -2*j = 5*k - 69, 2*j = -3*k - k + 68. Let g = j - -49. What are the prime factors of g?
3
Let q(p) = p**3 - 6*p**2 - p - 1. Let x be q(7). Suppose 4*m - 5*m + r = -x, -5*m - 4*r + 250 = 0. Suppose 0 = 2*n - 88 - m. What are the prime factors of n?
67
Let x(t) = -33*t - 74. What are the prime factors of x(-10)?
2
Let u(p) = p**3 - p**2 + 6*p - 10. Let d be u(2). Suppose 0 = 4*n - d - 6. What are the prime factors of n?
3
Suppose -3*u = -5*z + 12, -3*z - 2*u = -2*z + 8. Suppose z = 5*v + 5*m - 225, 0 = 5*m + 2 + 8. What are the prime factors of v?
47
List the prime factors of (-1)/(-9) - (-69736)/207.
337
Let j(a) be the second derivative of -a**4/3 + a**3/6 + a**2/2 + 5*a. Let t(k) be the first derivative of j(k). List the prime factors of t(-1).
3
Suppose 2*q - x - 616 = 522, 5*q = x + 2848. List the prime factors of q.
2, 3, 5, 19
Suppose -65 - 160 = -5*u. Suppose 2*r - u - 128 = -5*d, -5*r - 112 = -4*d. List the prime factors of d.
3, 11
Suppose 3*z = -z + 24. Suppose -2*x + b + 4*b = -4, 0 = -5*b. Suppose -x*m = -z*m + 112. List the prime factors of m.
2, 7
Suppose -l - 6 = -2, 4*v = -2*l + 2380. List the prime factors of v.
3, 199
Let g(d) = -71*d - 43. Let t be 10/(-12)*3 - (-6)/(-4). List the prime factors of g(t).
241
Let s(u) = u**2 + 8*u - 2. Let y be s(-7). Let h(d) = 2*d - 11. Let v be h(5). Let x = v - y. List the prime factors of x.
2
Let q(z) = -z**3 - 13*z**2 + 6*z - 12. Let j be q(-12). Let n = j - -418. What are the prime factors of n?
2, 5, 19
Let a(k) = 6*k**2 - 4*k + 2 + 3*k**3 + k**2 - 9 - 4*k**3. Let b be a(6). Suppose b*s + 131 = 4*q, 3*q + 0*s + 3*s = 132. What are the prime factors of q?
3, 13
Suppose -1844 - 2482 = -6*q. List the prime factors of q.
7, 103
Let a be -5*-18*(-6)/45. Let i = 14 + a. List the prime factors of i.
2
Let t(u) = u**2 + 2*u - 3. Let s be t(2). Suppose 0 = 3*p - 4*q - 2 + 16, q = -s*p - 54. What are the prime factors of 103/5 - 4/p?
3, 7
Suppose 3*c + 167 = -601. Let p be (-18)/12*c/6. Let r = -39 + p. What are the prime factors of r?
5
Suppose -10*h + 15191 = 3791. List the prime factors of h.
2, 3, 5, 19
Suppose 252 = 2*j + 5*i - i, -388 = -3*j + 4*i. List the prime factors of (-33)/4*7/((-84)/j).
2, 11
Let m = 1565 - 646. What are the prime factors of m?
919
Let q = 4220 - 2049. What are the prime factors of q?
13, 167
Let o be ((-2)/5)/((-1056)/150 - -7). Suppose 13*c - 264 = o*c. List the prime factors of c.
2, 11
Let a be (48/(-4))/3 - 0. Let x = 17 + a. Suppose -2*g - x + 129 = 0. List the prime factors of g.
2, 29
Let y(g) = -g**3 + 5*g**2 - 4*g - 2. Let p be y(5). List the prime factors of (-1456)/(-22) + 4/p.
2, 3, 11
Suppose -u = -2*h + 409, -2*h - 3*h + 5*u = -1025. Let b = -139 + h. List the prime factors of b.
5, 13
List the prime factors of 152230/150 + (-6)/(-45).
5, 7, 29
Suppose 515 = -a - 2*g + 1483, -4*a + 3872 = 5*g. List the prime factors of a.
2, 11
Let x = 1262 + -812. What are the prime factors of x?
2, 3, 5
Let f = -51 - -234. What are the prime factors of f?
3, 61
Let v be (-4 + 11)*(-30)/(-7). Suppose v = -2*m + 7*m. Suppose 0*t - m = -3*t. List the prime factors of t.
2
Suppose 2*z = -2*w - 0*z - 170, -z + 437 = -5*w. Let o = -46 - w. List the prime factors of o.
41
Suppose 2*k + 200 = 7*k. Suppose 0 = -3*j - j + k. What are the prime factors of (56/j)/((-4)/(-20))?
2, 7
Let g be -4*(60/16)/(-1). List the prime factors of (1 + g)*(-58)/(-8) - -2.
2, 59
Suppose -2 + 6 = 4*v. Let u be 10*v - (-2 - -5). Let t(h) = h**3 - 8*h**2 + 9*h - 3. What are the prime factors of t(u)?
11
Let v(a) = 2*a**3 + 3*a**2 + 10*a - 10. Let f be v(4). Suppose -2*u = -0*u - f. What are the prime factors of u?
103
Let g(y) be the second derivative of 7*y**5/20 - y**4/12 - y**3/3 + 5*y. Let t(q) be the second derivative of g(q). List the prime factors of t(1).
2, 5
Let r = -482 + 734. Let n = -180 + r. Suppose 0 = -2*u + 12 + n. List the prime factors of u.
2, 3, 7
Let f be 6/4*36/(-54). What are the prime factors of 11*(-1 + 0)/(f/9)?
3, 11
Suppose 0 = 4*v + 4*s - 8428, 16419 = 5*v + 2*s + 5878. List the prime factors of v.
3, 19, 37
Let x(m) = 3*m + 4. Let h(d) = d**3 - 12*d**2 + 11*d + 2. Let v be h(11). Let i be (v + 15/(-9))*9. What are the prime factors of x(i)?
13
Let q(a) = 22*a**3 - a - 1. Let d be q(-1). Let o(p) = p + 14. Let b be o(-11). List the prime factors of (b/(-2) - -1)*d.
11
Let t = -35 - -37. Suppose -t*y - 171 = -5*y. List the prime factors of y.
3, 19
Suppose 0 = 18*d - 14112 - 16326. What are the prime factors of d?
19, 89
Let s = 12 - 27. Let c be 2316/15 - (-6)/s. Suppose -3*f = 3*r - 5*r - c, -f + 2*r = -50. List the prime factors of f.
2, 13
Let a(r) = r**3 + 2*r**2 - 5*r - 26. What are the prime factors of a(10)?
2, 281
Let b be (-2)/18 + (-171)/(-81). Let p be 1 + b/(-4)*-8. Suppose -63 - 27 = -p*r. What are the prime factors of r?
2, 3
Let y(t) be the second derivative of -t**4/12 + t**3/6 + 4*t**2 + t. Let p(m) = m**2 + 2*m + 1. Let v be p(-1). List the prime factors of y(v).
2
Suppose -4*r + 19 = -1. Suppose -2 = 3*l - r*l. Suppose p = l + 6. List the prime factors of p.
7
Suppose 3*a - 655 = 5*r + 1270, 0 = -a + 4*r + 637. What are the prime f